Determine s(w).
7
Suppose 69 = i + 2*i + 2*o, 0 = -4*i - o + 97. Let g(d) = -d**2 + 120*d - 9 - i*d - 25*d - 35*d - 26*d. Calculate g(5).
11
Let h = -4759/2 - -2380. Let f(i) be the first derivative of 3*i - h*i**2 + 2. Calculate f(5).
-2
Suppose 3*y = -4*g + 200, -16*g = -12*g + 4*y - 196. Let t(f) = 4*f**2 + g*f + f**2 - f**3 - 2 - 51*f + 1 + 2*f**3. What is t(-4)?
7
Let s(c) = 64 + 62 + 72 + 4*c + c**3 - 207 + 10*c**2. What is s(-9)?
36
Let d(a) = -a**2 + 28*a - 147. Let w be d(7). Let x(k) be the first derivative of k**3/3 - 8*k + 196. What is x(w)?
-8
Let u(q) = 5*q - 23. Suppose -11*s = -15*s + 20. Let t be u(s). Let n be -4*t/(-8)*7. Let w(c) = -c**3 + 7*c**2 - c + 5. Determine w(n).
-2
Let f(r) = -97*r + 51. Let y(h) = -31*h + 16. Let z(g) = -6*f(g) + 19*y(g). Calculate z(7).
-51
Let z(x) = 3*x**2 - 5*x - 72. Let y(w) = w**2 - 2*w - 29. Let i(o) = -5*y(o) + 2*z(o). What is i(-1)?
2
Suppose 2*w - 1 = b, 27*w - 10 = b + 28*w. Let k(f) = -f**2 - 6*f - 12. Calculate k(b).
-19
Let x = 13 + -22. Let v(t) = t**3 - 7*t**2 - 10. Let m(g) = -2*g**3 + 22*g**2 - g + 21. Let u(w) = 2*m(w) + 5*v(w). What is u(x)?
10
Suppose 10*y - 296 + 591 - 275 = 0. Let i(k) = 4*k - 2. Let q(f) = -11*f + 6. Let d(a) = 7*i(a) + 2*q(a). Give d(y).
-14
Let p(i) = -3 - i**3 - 1 - 6. Let q be ((-2109)/285 - (-2)/5) + 7. Calculate p(q).
-10
Let r(q) = -q**3 + 11*q**2 - 12*q + 28. Let l be r(10). Let b be 9*((-80)/(-6))/l. Let u(i) = i**2 - 14*i - 18. What is u(b)?
-3
Suppose -2*j + 7*j = 0. Suppose -3*i + 4 = 5*o, 0 = -5*i - j*i - 10. Let r(g) = 1 + 0 - 4 - 4*g + o*g + g**2. What is r(-2)?
5
Let j(t) = -5*t + 9 + t - t**2 + 0. Let d(r) = 1. Let s(p) = 4*d(p) - j(p). Suppose 666*i = -3224 - 772. Give s(i).
7
Suppose 27*t - 39 = 15. Let k(u) = -41*u**2 - 7 + 9*u**t + 6*u - u**3 + 14*u**2 + 13*u**2. Determine k(-6).
-7
Let d(x) = x**3 - 3*x + 3. Let r(k) = -k**3 + 19*k**2 - 2*k + 44. Let y be r(19). Let c be ((-2)/(-6))/(y/(-54)). Give d(c).
-15
Let d(f) = 13*f + 81. Let a(y) = 9*y + 58. Let z(i) = -7*a(i) + 5*d(i). Let j(k) = -k**3 + 4*k**2 - 5*k + 2. Let x be j(3). Let b = x - -2. Give z(b).
-5
Let z(c) = -11*c**2 - 51*c - 64. Let p be z(-2). Let w(u) = -u**3 - 6*u**2 - 5*u - 7. What is w(p)?
23
Let v(p) = p**3 - 4*p**2 - 3*p + 4. Suppose 0 = -2*n + 3*n - 3*f - 15, f + 45 = 2*n. Suppose 9*b - 3*b = n. Determine v(b).
-8
Let r(z) be the first derivative of -1/6*z**4 - 1/6*z**3 + 12 - 1/60*z**5 + 0*z - 7/2*z**2. Let t(v) be the second derivative of r(v). Calculate t(-5).
-6
Suppose 0 = 3*j - 9*j + 270. Let t(v) = -22*v + j*v - 22*v + 8 + 5. What is t(0)?
13
Let d(q) = 6*q**3 + 2*q**2 - 5*q + 4. Let k be 10 - -1*27/(-3). Calculate d(k).
7
Let s(b) = -b**2 - 20*b + 137. Suppose 138*t + 4322 - 872 = 0. Give s(t).
12
Let d(r) = -3*r**2 + 3*r - 2. Let g be (220/(-50))/(1/(-5)). Let f = 22 - g. Suppose 3*s + 2*s = 3*k - 2, -s - 2*k + 10 = f. Give d(s).
-8
Let s(p) = -18*p + 55 - 66 + 28 + p**2. Determine s(18).
17
Let u(k) = -k**3 + 4*k**2 + 15*k. Suppose c + 15 = -3*a, -31*a = 3*c - 29*a + 17. Determine u(c).
18
Let d(c) = -7*c + 6. Let a(o) = -11*o + 101. Let s be a(9). Let k(l) = -6*l + 3. Let r(v) = s*d(v) - 3*k(v). What is r(-2)?
-5
Let l(p) = 11*p**3 + p. Let x(k) = k**3 - 7*k**2 + 7*k - 8. Let h be x(6). Let c be -7*(0 + h)/14. Determine l(c).
12
Let c(l) = 3226*l**2 - 1074*l**2 + l**3 - 1083*l**2 - 2*l**3 - 11 - 1077*l**2. Calculate c(-6).
-83
Let o(k) = -k**3 - 7*k**2 - k + 31. Let n be ((-404)/44 - -9) + (-128)/22. Calculate o(n).
1
Let s = -269 + 285. Suppose -9*j + s*j = -7. Let i(m) = 23*m**2 + m. Determine i(j).
22
Let d(l) = 3*l - 35. Let t(g) = -13*g + 155. Let a(x) = 9*d(x) + 2*t(x). Give a(-11).
-16
Let g(u) = -162*u - 63. Let t(v) = -195*v - 64. Let s(z) = -6*g(z) + 5*t(z). Determine s(12).
22
Suppose 16 = w - 4*w + 2*d, 15 = 3*d. Let n = 7 - w. Let m(r) = n*r - 17*r + 5 + 12*r. Calculate m(-6).
-19
Let z(m) = -5*m**3 + 11823*m**2 + 4*m**3 + 11 - 3*m - 11812*m**2 + 2*m. Let q be ((-26)/13)/((-2)/11). Determine z(q).
0
Let l(s) = -s**2 + 4*s + 61. Let h be l(-6). Suppose -w - h = b, 2*b = 3*w + 2*w - 30. Let u(g) = -g**3 + 6*g**2 - 1. What is u(w)?
31
Let u(t) = 2*t - 28. Let p be u(10). Let y be (-4)/(-6) + p/(-6). Let a(j) = -8*j - 10. Let o(d) = 5*d + 7. Let s(r) = -5*a(r) - 7*o(r). Determine s(y).
11
Let h(n) = -3*n - 7. Let c = -168 - -173. Suppose 70 = -c*m - 5*w, -3*m + 37 = -6*m - 2*w. Determine h(m).
20
Suppose 2*o + 51*g - 46*g - 955 = 0, -4*o = -4*g - 1896. Let s = -477 + o. Let k(t) = -6*t**2 - 3*t. Calculate k(s).
-18
Let k(w) = -3*w + 25. Suppose -71*a + 240 = -257. What is k(a)?
4
Let u(c) = -2*c - 6. Let p = -31 - -60. Let v = p - 22. Suppose -2*h = -v*h + 3*y - 25, h - y = -5. Give u(h).
4
Let u(n) = 9*n**3 + 1. Suppose 3*m = 2*m + 5*r, -23 = -5*m + 2*r. Suppose -m*x - 27 = -32. Suppose -12*i = -11*i - x. Calculate u(i).
10
Let x be 3 - 4/(-4) - -2. Suppose -i = 4, -3*o = -3*i - 12 - x. Let v(y) = -14*y**2 - 2 + 0 + 15*y**o - 2*y + 5. Give v(2).
3
Let c(z) = -z**2 + 3*z - 4. Let f(p) = 8*p + 38. Let v(u) = -u + 2. Let o(d) = 2*f(d) + 20*v(d). Let g be o(28). Determine c(g).
-8
Let z = 4425 + -4414. Let n(q) = q. What is n(z)?
11
Let n(y) = -1126*y**2 + 1663*y**2 + 7*y - 532*y**2 - 28. Give n(2).
6
Let o(p) = 2*p + 665 - p - 2*p - 320 - 328. Calculate o(-15).
32
Let n(o) = -o**3 + o**2 + 2*o + 3. Suppose 5*u + 20 = i - 6*i, -u = -i. Let b be n(i). Let z(x) = -2*x + 16. Give z(b).
-6
Let f(o) = 5*o**2 + 2*o + 2. Let h(m) = -3*m**3 + 8*m**2 - 6*m - 4. Let k(u) = -f(u) - h(u). Determine k(5).
72
Let l(q) = -33*q - 52. Let b(r) = 33*r + 42. Let t(f) = -4*b(f) - 5*l(f). Determine t(-3).
-7
Let h be (-7)/(-126) + 7 + 511/(-126). Let s(w) be the first derivative of 21 - 1/2*w**2 - 2/3*w**h + 0*w. Calculate s(2).
-10
Let a be 21/(-4) - (-2)/(8/1). Let r(v) = -3*v**3 + 21*v**2 - 8*v + 26. Let j(f) = 2*f**3 - 10*f**2 + 5*f - 13. Let y(c) = a*j(c) - 3*r(c). Give y(-13).
0
Let m = -4 + 36. Suppose 0*h - h = -4*a + m, -5*a - 11 = 3*h. Let g be -3 + (-28)/h + 10/(-3). Let k(p) = -p**2 - 5*p + 1. What is k(g)?
5
Let m(i) = 7*i**3 + i**2 + 3*i - 1. Let z(w) = w**3 - w**2 - w. Let s(v) = -m(v) - 2*z(v). Let j = 1034532 + -1034531. What is s(j)?
-8
Let k be (1/(-3))/((-6)/36). Let s(c) = -7*c**2 - 27*c - 22. Let w(m) = 9164 - 9175 + 9*m - 22*m - 3*m**2. Let h(v) = k*s(v) - 5*w(v). Calculate h(-8).
-13
Let a(k) be the second derivative of -k**4/12 - 11*k**3/6 - 4*k**2 + 33*k + 2. What is a(-8)?
16
Let v(h) = -h**2 + 3*h - 1. Suppose 29*a - 16 = 25*a. Suppose 5*o = -a*f + 10, 5*f - 20 = 3*o + 11. Calculate v(f).
-11
Let j(l) be the first derivative of -43*l**2 + 426*l + 9591. What is j(5)?
-4
Let t(o) be the second derivative of 0*o**2 + 4/3*o**3 + 0*o**4 + 0 + o + 1/60*o**5. Let z(r) be the second derivative of t(r). Determine z(4).
8
Let a(l) = -l**2 + 4*l + 8. Suppose 0 = -y - 4*j + 12, -5*y + 5*j = -33 - 2. Let z be 4 - (2 - (2 - 2)). Let g = y - z. Determine a(g).
-4
Let j(c) = -11*c - 1. Suppose 0 = 23*l - 192 + 54. Suppose -4 = -l*n - 16. Determine j(n).
21
Let o(b) = b**3 - 7*b**2 + b + 33. Let r be o(6). Let g(z) = z**r + 7*z + 4 - 51885*z**2 - 12 + 51878*z**2. What is g(6)?
-2
Let m(x) = 233*x**2 - 25*x + 78. Let h(v) = 407*v**2 - 51*v + 154. Let s(l) = 4*h(l) - 7*m(l). Calculate s(-12).
-14
Suppose 4*h + 5*o = -22, 2*h - o + 0*o = -4. Let g(b) be the third derivative of b**6/120 + b**5/20 + b**4/8 + b**3/6 - 7*b**2 - b + 21. Determine g(h).
-8
Suppose -5*i + 228 = 4*o, -406*o + 402*o = -8. Let d(z) = z**2 - 39*z - 215. Calculate d(i).
5
Let d(n) = 11*n**2 + 197*n - 15. Let b be 9/33 + (-2)/(-13) + 281945/(-15301). Give d(b).
3
Let c(j) be the second derivative of j**5/20 + 7*j**4/6 - j**3 - 61*j**2/2 - 11*j + 185. Give c(-14).
23
Let r(i) = -338*i + 6386. Let y be r(19). Let l(g) = g**2 + 40*g + 106. What is l(y)?
-38
Let l(a) = a**2 - 8*a + 10. Suppose 5*x - t + 18 = 3*t, -4*x = 4*t. Let u(z) = -z**2 - 30*z + 186. Let n be u(-35). Let b be x/n + 632/88. Calculate l(b).
3
Let s(v) = -v**3 + 35*v**2 + 76*v - 72. Suppose -300*o = -286*o - 518. What is s(o)?
2
Let c(m) = 14*m - 105. Suppose 595 = 90*y - 395. What is c(y)?
49
Let u(o) be the first derivative of -o**3/3 - 3*o**2 + 19*o + 7583. What is u(2)?
3
Let y(a) = a**2 + 2*a + 8. Let g(r) = -r**3 -